
Let x(u) = -10*u**2 + 306*u + 117. Calculate x(31).
-7
Let g(y) = -y**2 + 10*y - 7. Calculate g(-10).
-207
Let s(q) = -9336*q - 18693. Determine s(-2).
-21
Let b(p) = -2*p**3 + 8*p**2 + 81*p - 343. Give b(6).
-1
Let o(r) = r**3 + 100*r**2 + 196*r - 42. Give o(-98).
-42
Let a(f) = -2*f**2 + 58*f - 78. What is a(27)?
30
Let b(i) = -i**3 + 19*i**2 + 29*i - 578. Give b(19).
-27
Let u(d) = 31*d - 60. Determine u(2).
2
Let x(z) = -11900*z + 83314. Calculate x(7).
14
Let k(o) = -623*o + 4355. Calculate k(7).
-6
Let s(m) = m**3 + 11*m**2 - 58*m + 62. What is s(-15)?
32
Let j(b) = b**3 + 3*b**2 + 12*b + 2. Give j(-4).
-62
Let i(m) = 2848*m + 17098. Give i(-6).
10
Let m(k) = 3*k**2 - 12*k + 17. Give m(8).
113
Let a(f) = -f**2 - 336*f - 25088. Calculate a(-112).
0
Let v(d) = d**3 - 9*d**2 - 103*d + 629. What is v(6)?
-97
Let h(v) = -14*v + 62. What is h(2)?
34
Let k(i) = 230*i - 2353. Calculate k(11).
177
Let s(i) = -46*i + 998. Calculate s(22).
-14
Let d(i) = -2*i**3 - 69*i**2 - 35*i - 21. Give d(-34).
13
Let z(k) = k**2 - 48*k - 610. Give z(-10).
-30
Let y(i) = i**2 - 692*i + 7492. Give y(11).
1
Let p(r) = -3*r**3 + 54*r**2 - 5*r + 47. Calculate p(18).
-43
Let l(s) = s**3 + 9*s**2 - 12*s + 6. What is l(-10)?
26
Let z(x) = -2*x**2 + 3*x - 5. Determine z(-7).
-124
Let o(j) = 10*j**2 - 33*j - 20. What is o(4)?
8
Let o(i) = -38*i + 424. Give o(12).
-32
Let y(p) = 72*p - 164. Determine y(2).
-20
Let z(h) = h**2 + 21*h + 17. Determine z(-14).
-81
Let d(k) = k**2 - 48. Calculate d(8).
16
Let w(u) = 7*u**3 - 58*u**2 + 67*u - 9. Calculate w(1).
7
Let g(m) = -m**2 - 325*m - 22989. Determine g(-221).
-5
Let q(o) = 43*o**3 - 14*o + 13. Determine q(1).
42
Let t(h) = -1367*h - 19147. Calculate t(-14).
-9
Let u(a) = -a**2 - 39*a + 517. What is u(11)?
-33
Let s(a) = a**3 - 14*a**2 + 18*a - 72. Calculate s(14).
180
Let t(l) = -l**3 + 21*l**2 - 20*l - 40. Calculate t(20).
-40
Let b(w) = 37*w + 335. What is b(-8)?
39
Let q(d) = 110*d + 236. Determine q(-2).
16
Let m(s) = 69*s - 3662. Give m(53).
-5
Let t(z) = -65*z - 190. Determine t(-2).
-60
Let n(v) = 64*v**2 + 144*v + 39. Determine n(-2).
7
Let w(o) = -2*o**3 - 72*o**2 - 67*o + 158. Determine w(-35).
53
Let q(f) = -f**2 - 7*f + 53. Give q(6).
-25
Let w(x) = x**2 - 22*x - 109. Determine w(-3).
-34
Let j(r) = 2*r + 43. Determine j(-18).
7
Let z(d) = -208*d + 803. Determine z(4).
-29
Let r(q) = q**3 - 65*q**2 - 85*q + 1030. Determine r(66).
-224
Let a(u) = -5*u**2 + 6*u + 292. Give a(-13).
-631
Let u(m) = -1471*m - 55909. Determine u(-38).
-11
Let r(o) = -26*o + 2598. Calculate r(100).
-2
Let p(u) = -2*u**3 + 15*u**2 - 14*u + 40. Give p(6).
64
Let n(z) = -5*z**3 - 14*z**2 - 15*z - 5. Give n(-2).
9
Let a(p) = 2676*p - 21396. Determine a(8).
12
Let b(w) = -37*w + 66. Determine b(-4).
214
Let p(l) = -485*l - 375. Calculate p(-2).
595
Let f(c) = -1451*c + 10168. Give f(7).
11
Let j(z) = 35*z - 212. What is j(14)?
278
Let l(z) = 5*z**3 + 67*z**2 + 28*z + 89. Calculate l(-13).
63
Let z(f) = 3*f**2 + 18*f + 42. Calculate z(-7).
63
Let r(i) = -3*i + 108. What is r(21)?
45
Let a(c) = -c**2 - 202*c + 2137. Give a(10).
17
Let k(y) = -2*y**2 + 61*y + 460. Determine k(35).
145
Let k(a) = a**2 - 66*a + 389. What is k(60)?
29
Let q(i) = -49*i + 2368. What is q(50)?
-82
Let r(d) = 4*d**2 + 368*d + 1503. What is r(-4)?
95
Let o(d) = 186*d - 6134. What is o(33)?
4
Let h(b) = 5*b - 159. Calculate h(22).
-49
Let o(i) = 10*i**2 + 207*i - 72. Determine o(-21).
-9
Let z(g) = -2*g**2 + 28*g - 23. Calculate z(19).
-213
Let o(u) = -u**3 - 6*u**2 + 1774*u + 12374. Determine o(-7).
5
Let j(c) = -197*c + 18721. Determine j(95).
6
Let q(c) = -4*c**2 + 34*c + 83. Calculate q(11).
-27
Let p(c) = 409*c - 4917. Determine p(12).
-9
Let i(k) = -4*k**3 + 19*k**2 - 37*k - 1. Determine i(3).
-49
Let n(u) = u**3 + 12*u**2 - 15*u - 10. What is n(-15)?
-460
Let o(r) = -r**3 - 55*r**2 - 95*r + 582. Give o(-53).
-1
Let m(v) = v**3 - 20*v**2 + 9*v - 83. Determine m(20).
97
Let f(o) = -32*o + 3218. What is f(101)?
-14
Let v(o) = o**3 - 6*o**2 - 31*o + 183. What is v(5)?
3
Let g(r) = 21*r + 53. Give g(-3).
-10
Let x(z) = z**2 + 41*z - 6336. Determine x(-102).
-114
Let f(u) = -u**3 + 16*u**2 + 49*u - 41. Determine f(17).
503
Let v(s) = s**3 + 223*s**2 + 221*s - 220. What is v(-222)?
2
Let k(f) = -f**2 - 45*f - 480. Give k(-22).
26
Let p(m) = 4*m**2 + 87*m - 379. What is p(5)?
156
Let n(r) = r**3 + 9*r**2 - 18*r - 9. What is n(-10)?
71
Let t(w) = -2*w**2 - 48*w + 21. Calculate t(-26).
-83
Let v(f) = -968*f + 1949. Calculate v(2).
13
Let j(r) = -r**3 + 41*r**2 - 318*r + 44. Calculate j(28).
1332
Let o(l) = -l**3 - 62*l**2 + 896*l + 590. Calculate o(-74).
-2
Let w(q) = q**2 - 485*q - 42633. Give w(-76).
3
Let h(m) = -m**3 + 65*m**2 - 281. Calculate h(65).
-281
Let a(b) = 21*b**2 - 52*b + 9. Give a(2).
-11
Let c(d) = d**2 + 93*d - 1184. Calculate c(11).
-40
Let l(j) = -1534*j - 16856. Calculate l(-11).
18
Let n(c) = -3*c**2 + 43*c - 14. Calculate n(12).
70
Let h(w) = -w**3 + 14*w**2 - 6*w - 7. Determine h(11).
290
Let u(i) = 732*i - 3584. What is u(5)?
76
Let y(f) = f**2 + 43*f + 415. Determine y(-13).
25
Let a(p) = -41*p + 207. Give a(7).
-80
Let j(a) = -17*a + 693. What is j(42)?
-21
Let b(t) = -t**3 + 14*t**2 + 9*t - 9. Determine b(-4).
243
Let k(s) = -179*s + 241. Give k(2).
-117
Let q(n) = n**3 - 4*n**2 - n - 228. What is q(0)?
-228
Let t(n) = 2035*n - 6363. Determine t(3).
-258
Let n(v) = 2*v**3 - 10*v**2 - v + 8. What is n(4)?
-28
Let n(s) = -2*s**3 - 2*s**2 + 10*s + 27. Calculate n(-4).
83
Let m(n) = -n**3 + 234*n**2 + 328*n - 21858. What is m(235)?
-3
Let f(y) = 8*y - 1090. Determine f(135).
-10
Let f(x) = x**3 - 12*x**2 - 185*x + 2180. What is f(12)?
-40
Let y(j) = -18*j**2 + 51*j + 33. Calculate y(-1).
-36
Let j(y) = -2*y**3 - 13*y**2 + 95*y - 131. Determine j(2).
-9
Let o(k) = 2*k**2 + 32*k - 120. Determine o(-20).
40
Let z(p) = -1108*p + 24362. Give z(22).
-14
Let m(d) = 3*d**3 - 20*d**2 - 326*d + 2035. Give m(6).
7
Let c(r) = -6176*r - 55581. Calculate c(-9).
3
Let r(t) = -181*t - 4. Calculate r(-1).
177
Let y(m) = 2*m**3 + 58*m**2 - 33*m + 819. Give y(-30).
9
Let c(r) = r**2 + 94*r - 6068. What is c(-138)?
4
Let a(i) = 6804*i - 27219. What is a(4)?
-3
Let k(m) = -63*m - 1804. What is k(-27)?
-103
Let k(f) = 14*f**3 - 1402*f**2 + 198*f + 194. What is k(100)?
-6
Let y(r) = -2*r**2 - 39*r + 1330. Give y(-39).
-191
Let w(i) = 298*i + 2649. Give w(-9).
-33
Let d(u) = -u**3 - 6*u**2 + 117*u + 46. Give d(-14).
-24
Let g(l) = 235*l - 7743. Give g(33).
12
Let a(h) = -3178*h + 9527. Give a(3).
-7
Let b(q) = -q**2 + 61*q + 20. Calculate b(14).
678
Let o(w) = 48*w + 1464. What is o(-31)?
-24
Let w(l) = 27*l**2 - 17*l - 15. Calculate w(-1).
29
Let s(l) = l**3 - 12*l**2 + 12*l + 151. Give s(6).
7
Let w(p) = 716*p - 57284. What is w(80)?
-4
Let h(w) = -10*w - 286. What is h(-28)?
-6
Let l(t) = 9*t**2 + 82*t - 202. Determine l(2).
-2
Let p(z) = -2*z**3 - 8*z**2 + 21*z + 64. Calculate p(-4).
-20
Let p(y) = -67*y + 2001. Calculate p(30).
-9
Let a(i) = 4*i**2 - 109*i + 193. What is a(23)?
-198
Let h(l) = 2*l**2 + 68*l - 32. What is h(-35)?
38
Let h(d) = -d**2 - 102*d - 1303. Calculate h(-87).
2
Let k(l) = -l**3 + 34*l**2 - 254*l + 29. What is k(10)?
-111
Let u(d) = -d**2 + 24*d - 29. Give u(24).
-29
Let x(f) = f**2 + 18*f - 25. Determine x(-23).
90
Let f(x) = 470*x + 4704. What is f(-10)?
4
Let t(w) = -152*w - 921. Determine t(-6).
-9
Let h(y) = 5*y**2 - y + 4. Determine h(2).
22
Let a(y) = 184*y + 359. Calculate a(-2).
-9
Let w(d) = 13*d + 145. Give w(7).
236
Let y(i) = -i**3 + 54*i**2 + 355*i + 290. Calculate y(60).
-10
Let g(n) = -144*n - 1168. Calculate g(-8).
-16
Let f(h) = -332*h - 1394. Give f(-4).
-66
Let l(c) = c**3 - 28*c**2 + 195*c - 57. Determine l(12).
-21
Let z(q) = q**3 - 26*q**2 - 6*q + 110. Give z(26).
-46
Let g(v) = 24*v**3 + 2*v**2 + 12*v - 22. What is g(2)?
202
Let a(g) = -6*g**2 - 91*g - 86. Calculate a(-14).
12
Let u(p) = 29*p + 447. What is u(-15)?
12
Let l(u) = -u**3 - 45*u**2 + 198*u + 67. Determine l(-49).
-31
Let p(w) = -w**3 + 2*w**2 + w - 103. Determine p(0).
-103
Let a(d) = d**3 + 12*d**2 - 19*d - 18. What is a(-13)?
60
Let w(u) = 11*u**2 + 185*u + 146. Determine w(-16).
2
Let o(a) = -2*a**3 + 18*a**2 + 25*a - 156. Calculate o(8).
172
Let s